{"id":58,"date":"2018-07-26T03:40:22","date_gmt":"2018-07-26T03:40:22","guid":{"rendered":"http:\/\/www.tibbihipnozkongresi.org.tr\/uluslararasi\/mesmerize\/"},"modified":"2020-09-30T12:36:29","modified_gmt":"2020-09-30T09:36:29","slug":"mesmerize","status":"publish","type":"page","link":"https:\/\/www.tibbihipnozkongresi.org.tr\/uluslararasi\/","title":{"rendered":"Front Page"},"content":{"rendered":"<div  data-label=\"Cta\" data-id=\"cta--2\" data-export-id=\"cta-blue-section\" data-category=\"cta\" class=\"cta-blue-section content-section content-section-spacing-medium bg-color1 white-text\" id=\"cta-2\">\n<div  class=\"gridContainer\">\n<div  class=\"row middle-xs\">\n<div  class=\"col-sm-8 space-bottom-xs\" data-type=\"column\">\n<h2  class=\"\" style=\"text-align: center;\"><span  style=\"font-weight: 900;\">ONLINE KONGRE PROGRAMI&nbsp;<\/span><\/h2>\n<\/div>\n<div  class=\"col-sm-4 end-sm\" data-type=\"column\"> <a class=\"button color2\" href=\"https:\/\/www.tibbihipnozkongresi.org.tr\/uluslararasi\/wp-content\/uploads\/2020\/09\/THD-Taslak-Kongre-Programi-2020-son.pdf\" target=\"_self\" data-cp-link=\"1\" data-icon=\"\" rel=\"noopener noreferrer\">PROGRAM \u0130\u00c7\u0130N TIKLAYINIZ<\/a><\/div>\n<\/div>\n<\/div>\n<\/div><div  data-label=\"Content\" data-id=\"content--1\" data-export-id=\"content-18\" data-category=\"content\" class=\"content-18 content-section content-section-spacing\" id=\"content-14\" style=\"background-color: rgb(30, 0, 153); background-image: none;\" data-section-ov=\"1\">\n<div  class=\"gridContainer\">\n<div  class=\"row middle-sm\">\n<div  class=\"col-sm-6 flexbox around-xs top-xs space-bottom-xs space-top-xs\">\n<div  class=\"overlay-box flexbox middle-xs center-xs overlay-holder\">\n<div  class=\"overlay-box-offset offset-background shadow-medium bg-color2 hide-xs\"><\/div>\n<img  loading=\"lazy\" class=\"flexbox shadow-large img1 jetpack-lazy-image jetpack-lazy-image--handled\" data-size=\"500x500\" src=\"https:\/\/i2.wp.com\/www.tibbihipnozkongresi.org.tr\/uluslararasi\/wp-content\/uploads\/2020\/09\/cropped-Slayt1.jpg?w=3840&amp;ssl=1\" alt=\"\" title=\"cropped-Slayt1.jpg\" data-lazy-loaded=\"1\" data-recalc-dims=\"1\">\n\n<\/div>\n<\/div>\n<div  class=\"col-sm-6\" data-type=\"column\">\n<h2  class=\"\"><\/h2>\n<p  class=\"\"><span  style=\"text-decoration: underline;\"><span  style=\"color: rgb(249, 249, 249); font-weight: 700; font-family: &quot;arial black&quot;, sans-serif; text-decoration: underline;\">TELK\u0130N\u0130N SES\u0130 \u2013 YA\u015eAMIN NEFES\u0130\n\n<\/span><\/span><br ><span  style=\"font-weight: 600; color: rgb(249, 249, 249);\">\nSevgili Meslekta\u015flar\u0131m,\n<\/span><br ><span  style=\"font-weight: 600; color: rgb(249, 249, 249);\">\n\u0130\u00e7inde bulundu\u011fumuz bu y\u0131l, sa\u011fl\u0131k a\u00e7\u0131s\u0131ndan bir\u00e7ok zorluklarla m\u00fccadele edilen bir d\u00f6nemin t\u00fcm d\u00fcnyada ya\u015fan\u0131lan \u00f6zellikleri ile tarihte yerini alacak. D\u00fcnya ve \u00f6zellikle \u00dclkemiz sa\u011fl\u0131k \u00e7al\u0131\u015fanlar\u0131n\u0131n bu can siperane emekleri ile bu pandemi elbette bitecek. Bu u\u011furda canlar verdik ama cana can katarak canland\u0131r\u0131p hayata d\u00f6nmelerine yard\u0131m ettiklerimiz de oldu. Ta\u00e7 anlam\u0131na gelen corona kelimesinin ne derece k\u0131ymet ifade etmedi\u011fini bir kere daha g\u00f6rd\u00fck. Krall\u0131\u011f\u0131n, padi\u015fahl\u0131\u011f\u0131n, sultanl\u0131\u011f\u0131n sembol\u00fc olan bu kelimenin ne derece de\u011fersiz oldu\u011funu Kanuni Sultan S\u00fcleyman \u201cHalk i\u00e7inde muteber nesne yok devlet gibi, olmaya devlet cihanda bir nefes s\u0131hhat gibi\u201d c\u00fcmlesi ile s\u00f6ylemi\u015f\u2026<\/span><br ><span  style=\"font-weight: 600; color: rgb(249, 249, 249);\">\nBu pandeminin sosyo-ekonomik sonu\u00e7lar\u0131n\u0131n sa\u011fl\u0131k boyutunda yapt\u0131\u011f\u0131 etkiler, olu\u015fan sa\u011fl\u0131k sorunlar\u0131 ile kar\u015f\u0131m\u0131za \u00e7\u0131kacakt\u0131r. Sadece m\u00fccadele eden taraf olman\u0131n \u00f6tesinde, bir insan olarak da; aile ya\u015fant\u0131m\u0131z\u0131n, ili\u015fkilerimizin, \u00e7evremizin ve \u00e7evremizdeki de\u011ferlerimizin fark\u0131ndal\u0131\u011f\u0131 a\u00e7\u0131s\u0131ndan hipnozun ya\u015fant\u0131m\u0131zdaki yerinin konu\u015fulaca\u011f\u0131 bu kongreye sizleri davet ediyorum.<\/span><br ><span  style=\"font-weight: 600; color: rgb(249, 249, 249);\">\nHipnozun ruh, beden ve sosyal boyuttaki tedaviye katk\u0131lar\u0131 ise bu kongrenin ana temas\u0131 olacakt\u0131r.<\/span><br ><span  style=\"font-weight: 600; color: rgb(249, 249, 249);\">\nAvrupa Hipnoz Derne\u011fi Y\u00f6netim Kurulu \u00dcyelerinin davetli konu\u015fmac\u0131 olarak kat\u0131laca\u011f\u0131 Kongremiz, Avrupa Hipnoz Derne\u011fi taraf\u0131ndan 18 ESHC kredi puan\u0131 ile de\u011ferlendirilecektir.\n\n<\/span><br ><span  style=\"font-weight: 600; color: rgb(249, 249, 249);\">\nDr. Ali \u00d6zden \u00d6zt\u00fcrk<\/span><br ><span  style=\"font-weight: 600; color: rgb(249, 249, 249);\">\nKongre Ba\u015fkan\u0131<\/span><br ><span  style=\"font-weight: 600; color: rgb(249, 249, 249);\">\nT\u0131bbi Hipnoz Derne\u011fi (THD) Ba\u015fkan\u0131<\/span><br ><span  style=\"font-weight: 600; color: rgb(249, 249, 249);\">\nESH Y\u00f6netim Kurulu (BOD) \u00dcyesi<\/span><br ><span  style=\"font-weight: 600; color: rgb(249, 249, 249);\">\nESH Sayman\u0131<\/span><br ><span  style=\"font-weight: 600; color: rgb(249, 249, 249);\">\nAvrupa Hipnoz Derne\u011fi Sertifikas\u0131 (ESHC) Sahibi<\/span><\/p>\n\n\n<\/div>\n<\/div>\n<\/div>\n<\/div><div  data-label=\"Team\" data-id=\"team--2\" data-export-id=\"team-4\" data-category=\"team\" class=\"team-4 content-section content-section-spacing\" id=\"team-2\" style=\"background-color: rgb(255, 255, 255);\"><div  class=\"gridContainer\"> <div  class=\"row text-center\"><div  class=\"section-title-col\" data-type=\"column\"> <h2  class=\"\">Konu\u015fmac\u0131lar<\/h2> <\/div> <\/div> <div  class=\"row spaced-cols content-center-sm\" data-type=\"row\"> <div  class=\"col-xs-12 col-sm-6 col-md-3\"> <div  class=\"card no-padding\"> <img  loading=\"lazy\" class=\"face jetpack-lazy-image jetpack-lazy-image--handled\" src=\"https:\/\/i2.wp.com\/www.tibbihipnozkongresi.org.tr\/uluslararasi\/wp-content\/uploads\/2018\/08\/cropped-KATHLEEN-1-2.jpg?w=3840&amp;ssl=1\" alt=\"\" title=\"cropped-KATHLEEN-1-2.jpg\" data-lazy-loaded=\"1\" width=\"197\" height=\"197\"> <div  data-type=\"column\" class=\"col-padding-small col-padding-small-xs description-container\"> <h4  class=\"font-500\">Kathleen Long<\/h4> <p  class=\"small\" style=\"font-style: italic;\">ESH Ba\u015fkan\u0131<\/p> <div  class=\"social-icons-group\" data-type=\"group\"> <a href=\"https:\/\/www.tibbihipnozkongresi.org.tr\/uluslararasi\/2019\/09\/09\/kathleen-long-birlesik-krallik\" target=\"_self\" rel=\"noopener noreferrer\"><i  class=\"fa icon fa-link color-black\"><\/i><\/a> <a href=\"#\" target=\"_self\" data-reiki-hidden=\"true\" rel=\"noopener noreferrer\"><i  class=\"fa icon fa-twitter-square gray\"><\/i><\/a> <a href=\"#\" target=\"_self\" data-reiki-hidden=\"true\" rel=\"noopener noreferrer\"><i  class=\"fa icon fa-linkedin-square gray\"><\/i><\/a> <a href=\"#\" target=\"_self\" data-reiki-hidden=\"true\" rel=\"noopener noreferrer\"><i  class=\"fa icon fa-google-plus-square gray\"><\/i><\/a><\/div> <\/div><\/div> <\/div> <div  class=\"col-xs-12 col-sm-6 col-md-3\"> <div  data-type=\"column\" class=\"card no-padding\"> <img  loading=\"lazy\" class=\"face jetpack-lazy-image jetpack-lazy-image--handled\" src=\"https:\/\/i0.wp.com\/www.tibbihipnozkongresi.org.tr\/uluslararasi\/wp-content\/uploads\/2018\/07\/cropped-2012-06-09-Consuelo1-1-2-scaled.jpg?w=3840&amp;ssl=1\" alt=\"\" title=\"cropped-2012-06-09-Consuelo1-1-2.jpg\" data-lazy-loaded=\"1\" width=\"197\" height=\"196\"> <div  data-type=\"column\" class=\"col-padding-small col-padding-small-xs description-container\"> <h4  class=\"font-500\">Consuelo Casula<\/h4> <p  class=\"small\" style=\"font-style: italic;\">ESH \u00d6nceki D\u00f6nem Ba\u015fkan\u0131<\/p> <div  class=\"social-icons-group\" data-type=\"group\"> <a href=\"https:\/\/www.tibbihipnozkongresi.org.tr\/uluslararasi\/2019\/09\/09\/consuelo-casula-italya\" target=\"_self\" rel=\"noopener noreferrer\"><i  class=\"fa icon fa-link color-black\"><\/i><\/a> <a href=\"#\" target=\"_self\" data-reiki-hidden=\"true\" rel=\"noopener noreferrer\"><i  class=\"fa icon fa-twitter-square gray\"><\/i><\/a> <a href=\"#\" target=\"_self\" data-reiki-hidden=\"true\" rel=\"noopener noreferrer\"><i  class=\"fa icon fa-linkedin-square gray\"><\/i><\/a> <a href=\"#\" target=\"_self\" data-reiki-hidden=\"true\" rel=\"noopener noreferrer\"><i  class=\"fa icon fa-google-plus-square gray\"><\/i><\/a><\/div> <\/div><\/div> <\/div> <div  class=\"col-xs-12 col-sm-6 col-md-3\"> <div  data-type=\"column\" class=\"card no-padding\"> <img  loading=\"lazy\" class=\"face jetpack-lazy-image jetpack-lazy-image--handled\" src=\"https:\/\/i0.wp.com\/www.tibbihipnozkongresi.org.tr\/uluslararasi\/wp-content\/uploads\/2019\/09\/cropped-ALI-1.jpg?w=3840&amp;ssl=1\" alt=\"\" title=\"cropped-ALI-1.jpg\" data-lazy-loaded=\"1\" width=\"197\" height=\"197\"> <div  data-type=\"column\" class=\"col-padding-small col-padding-small-xs description-container\"> <h4  class=\"font-500\">Ali \u00d6zden \u00d6zt\u00fcrk<\/h4> <p  class=\"small\" style=\"font-style: italic;\">ESH Sayman\u0131<\/p> <div  class=\"social-icons-group\" data-type=\"group\"> <a href=\"https:\/\/www.tibbihipnozkongresi.org.tr\/uluslararasi\/2019\/09\/09\/ali-ozden-ozturk-turkiye\" target=\"_self\" rel=\"noopener noreferrer\"><i  class=\"fa icon fa-link color-black\"><\/i><\/a> <a href=\"#\" target=\"_self\" data-reiki-hidden=\"true\" rel=\"noopener noreferrer\"><i  class=\"fa icon fa-twitter-square gray\"><\/i><\/a> <a href=\"#\" target=\"_self\" data-reiki-hidden=\"true\" rel=\"noopener noreferrer\"><i  class=\"fa icon fa-linkedin-square gray\"><\/i><\/a> <a href=\"#\" target=\"_self\" data-reiki-hidden=\"true\" rel=\"noopener noreferrer\"><i  class=\"fa icon fa-google-plus-square gray\"><\/i><\/a><\/div> <\/div><\/div> <\/div> <div  class=\"col-xs-12 col-sm-6 col-md-3\"> <div  data-type=\"column\" class=\"card no-padding\"> <img  loading=\"lazy\" class=\"face jetpack-lazy-image jetpack-lazy-image--handled\" src=\"https:\/\/i2.wp.com\/www.tibbihipnozkongresi.org.tr\/uluslararasi\/wp-content\/uploads\/2018\/07\/cropped-GF-Photo-1-2.jpg?w=3840&amp;ssl=1\" alt=\"\" title=\"cropped-GF-Photo-1-2.jpg\" data-lazy-loaded=\"1\" width=\"197\" height=\"197\"> <div  data-type=\"column\" class=\"col-padding-small col-padding-small-xs description-container\"> <h4  class=\"font-500\">Gerard Fitoussi<\/h4> <p  class=\"small\" style=\"font-style: italic;\">ESH Gelecek D\u00f6nem Ba\u015fkan\u0131<\/p> <div  class=\"social-icons-group\" data-type=\"group\"> <a href=\"https:\/\/www.tibbihipnozkongresi.org.tr\/uluslararasi\/2019\/09\/09\/gerard-fitoussi-fransa\" target=\"_self\" rel=\"noopener noreferrer\"><i  class=\"fa icon fa-link color-black\"><\/i><\/a> <a href=\"#\" target=\"_self\" data-reiki-hidden=\"true\" rel=\"noopener noreferrer\"><i  class=\"fa icon fa-twitter-square gray\"><\/i><\/a> <a href=\"#\" target=\"_self\" data-reiki-hidden=\"true\" rel=\"noopener noreferrer\"><i  class=\"fa icon fa-linkedin-square gray\"><\/i><\/a> <a href=\"#\" target=\"_self\" data-reiki-hidden=\"true\" rel=\"noopener noreferrer\"><i  class=\"fa icon fa-google-plus-square gray\"><\/i><\/a><\/div> <\/div><\/div> <\/div> <div  class=\"col-xs-12 col-sm-6 col-md-3\"> <div  class=\"card no-padding\"> <img  loading=\"lazy\" class=\"face jetpack-lazy-image jetpack-lazy-image--handled\" src=\"https:\/\/i1.wp.com\/www.tibbihipnozkongresi.org.tr\/uluslararasi\/wp-content\/uploads\/2018\/07\/cropped-Fabio-2-1-e1532630297845-6.jpg?w=3840&amp;ssl=1\" alt=\"\" title=\"cropped-Fabio-2-1-e1532630297845-6.jpg\" data-lazy-loaded=\"1\" width=\"197\" height=\"197\"> <div  data-type=\"column\" class=\"col-padding-small col-padding-small-xs description-container\"> <h4  class=\"font-500\">&nbsp; &nbsp;Fabio Carnevale<\/h4> <p  class=\"small\" style=\"font-style: italic;\">ESH 1. Ba\u015fkan Yard\u0131mc\u0131s\u0131<\/p> <div  class=\"social-icons-group\" data-type=\"group\"> <a href=\"https:\/\/www.tibbihipnozkongresi.org.tr\/uluslararasi\/2019\/09\/09\/fabio-carnevale-italya\" target=\"_self\" rel=\"noopener noreferrer\"><i  class=\"fa icon fa-link color-black\"><\/i><\/a> <a href=\"#\" target=\"_self\" data-reiki-hidden=\"true\" rel=\"noopener noreferrer\"><i  class=\"fa icon fa-twitter-square gray\"><\/i><\/a> <a href=\"#\" target=\"_self\" data-reiki-hidden=\"true\" rel=\"noopener noreferrer\"><i  class=\"fa icon fa-linkedin-square gray\"><\/i><\/a> <a href=\"#\" target=\"_self\" data-reiki-hidden=\"true\" rel=\"noopener noreferrer\"><i  class=\"fa icon fa-google-plus-square gray\"><\/i><\/a><\/div> <\/div><\/div> <\/div> <div  class=\"col-xs-12 col-sm-6 col-md-3\"> <div  class=\"card no-padding\"> <img  loading=\"lazy\" class=\"face jetpack-lazy-image jetpack-lazy-image--handled\" src=\"https:\/\/i2.wp.com\/www.tibbihipnozkongresi.org.tr\/uluslararasi\/wp-content\/uploads\/2018\/07\/cropped-Randi-4.jpg?w=3840&amp;ssl=1\" alt=\"\" title=\"cropped-Randi-4.jpg\" data-lazy-loaded=\"1\" width=\"197\" height=\"197\"> <div  data-type=\"column\" class=\"col-padding-small col-padding-small-xs description-container\"> <h4  class=\"font-500\">&nbsp; Randi Abrahamsen<\/h4> <p  class=\"small\" style=\"font-style: italic;\">ESH 2. Ba\u015fkan Yard\u0131mc\u0131s\u0131<\/p> <div  class=\"social-icons-group\" data-type=\"group\"> <a href=\"https:\/\/www.tibbihipnozkongresi.org.tr\/uluslararasi\/2019\/09\/09\/randi-abrahamsen-danimarka\" target=\"_self\" rel=\"noopener noreferrer\"><i  class=\"fa icon fa-link color-black\"><\/i><\/a> <a href=\"#\" target=\"_self\" data-reiki-hidden=\"true\" rel=\"noopener noreferrer\"><i  class=\"fa icon fa-twitter-square gray\"><\/i><\/a> <a href=\"#\" target=\"_self\" data-reiki-hidden=\"true\" rel=\"noopener noreferrer\"><i  class=\"fa icon fa-linkedin-square gray\"><\/i><\/a> <a href=\"#\" target=\"_self\" data-reiki-hidden=\"true\" rel=\"noopener noreferrer\"><i  class=\"fa icon fa-google-plus-square gray\"><\/i><\/a><\/div> <\/div><\/div> <\/div> <div  class=\"col-xs-12 col-sm-6 col-md-3\"> <div  class=\"card no-padding\"> <img  loading=\"lazy\" class=\"face jetpack-lazy-image jetpack-lazy-image--handled\" src=\"https:\/\/i2.wp.com\/www.tibbihipnozkongresi.org.tr\/uluslararasi\/wp-content\/uploads\/2020\/09\/cropped-Marie-Jeanne-Bremer.jpg?w=3840&amp;ssl=1\" alt=\"\" title=\"cropped-Marie-Jeanne-Bremer.jpg\" data-lazy-loaded=\"1\" width=\"197\" height=\"197\"> <div  data-type=\"column\" class=\"col-padding-small col-padding-small-xs description-container\"> <h4  class=\"font-500\">Marie-Jeanne BREMER<\/h4> <p  class=\"small\" style=\"font-style: italic;\">ESH Y\u00f6netim Kurulu \u00dcyesi<\/p> <div  class=\"social-icons-group\" data-type=\"group\"> <a href=\"https:\/\/www.tibbihipnozkongresi.org.tr\/uluslararasi\/2020\/09\/19\/marie-jeanne-bremer-luksemburg\" target=\"_self\" rel=\"noopener noreferrer\"><i  class=\"fa icon fa-link color-black\"><\/i><\/a> <a href=\"#\" target=\"_self\" data-reiki-hidden=\"true\" rel=\"noopener noreferrer\"><i  class=\"fa icon fa-twitter-square gray\"><\/i><\/a> <a href=\"#\" target=\"_self\" data-reiki-hidden=\"true\" rel=\"noopener noreferrer\"><i  class=\"fa icon fa-linkedin-square gray\"><\/i><\/a> <a href=\"#\" target=\"_self\" data-reiki-hidden=\"true\" rel=\"noopener noreferrer\"><i  class=\"fa icon fa-google-plus-square gray\"><\/i><\/a><\/div> <\/div><\/div> <\/div> <div  class=\"col-xs-12 col-sm-6 col-md-3\"> <div  data-type=\"column\" class=\"card no-padding\"> <img  loading=\"lazy\" class=\"face jetpack-lazy-image jetpack-lazy-image--handled\" src=\"https:\/\/i0.wp.com\/www.tibbihipnozkongresi.org.tr\/uluslararasi\/wp-content\/uploads\/2018\/07\/cropped-Peter-2.png?w=3840&amp;ssl=1\" alt=\"\" title=\"cropped-Peter-2.png\" data-lazy-loaded=\"1\" width=\"197\" height=\"197\"> <div  data-type=\"column\" class=\"col-padding-small col-padding-small-xs description-container\"> <h4  class=\"font-500\">&nbsp; &nbsp;Peter Naish<\/h4> <p  class=\"small\" style=\"font-style: italic;\">ESH Y\u00f6netim Kurulu \u00dcyesi<\/p> <div  class=\"social-icons-group\" data-type=\"group\"> <a href=\"https:\/\/www.tibbihipnozkongresi.org.tr\/uluslararasi\/2019\/09\/09\/peter-naish-ingiltere\" target=\"_self\" rel=\"noopener noreferrer\"><i  class=\"fa icon fa-link color-black\"><\/i><\/a> <a href=\"#\" target=\"_self\" data-reiki-hidden=\"true\" rel=\"noopener noreferrer\"><i  class=\"fa icon fa-twitter-square gray\"><\/i><\/a> <a href=\"#\" target=\"_self\" data-reiki-hidden=\"true\" rel=\"noopener noreferrer\"><i  class=\"fa icon fa-linkedin-square gray\"><\/i><\/a> <a href=\"#\" target=\"_self\" data-reiki-hidden=\"true\" rel=\"noopener noreferrer\"><i  class=\"fa icon fa-google-plus-square gray\"><\/i><\/a><\/div> <\/div><\/div> <\/div><div  class=\"col-xs-12 col-sm-6 col-md-3\"> <div  class=\"card no-padding\"> <img  loading=\"lazy\" class=\"face jetpack-lazy-image jetpack-lazy-image--handled\" src=\"https:\/\/i0.wp.com\/www.tibbihipnozkongresi.org.tr\/uluslararasi\/wp-content\/uploads\/2020\/09\/cropped-Stella-NKENKE.jpg?w=3840&amp;ssl=1\" alt=\"\" title=\"cropped-Stella-NKENKE.jpg\" data-lazy-loaded=\"1\" width=\"197\" height=\"197\"> <div  data-type=\"column\" class=\"col-padding-small col-padding-small-xs description-container\"> <h4  class=\"font-500\">&nbsp; &nbsp; &nbsp;Stella Nkenke&nbsp; &nbsp; &nbsp; &nbsp;<\/h4> <p  class=\"small\" style=\"font-style: italic;\">ESH Y\u00f6netim Kurulu \u00dcyesi<\/p> <div  class=\"social-icons-group\" data-type=\"group\"> <a href=\"https:\/\/www.tibbihipnozkongresi.org.tr\/uluslararasi\/2020\/09\/19\/stella-nkenke-almanya-avusturya\" target=\"_self\" rel=\"noopener noreferrer\"><i  class=\"fa icon fa-link color-black\"><\/i><\/a> <a href=\"#\" target=\"_self\" data-reiki-hidden=\"true\" rel=\"noopener noreferrer\"><i  class=\"fa icon fa-twitter-square gray\"><\/i><\/a> <a href=\"#\" target=\"_self\" data-reiki-hidden=\"true\" rel=\"noopener noreferrer\"><i  class=\"fa icon fa-linkedin-square gray\"><\/i><\/a> <a href=\"#\" target=\"_self\" data-reiki-hidden=\"true\" rel=\"noopener noreferrer\"><i  class=\"fa icon fa-google-plus-square gray\"><\/i><\/a><\/div> <\/div><\/div> <\/div><\/div> <\/div><\/div><div  data-label=\"Cta\" data-id=\"cta--3\" data-export-id=\"cta-centered-section-grid\" data-category=\"cta\" class=\"cta-centered-section-grid content-section content-section-spacing-medium bg-color1 white-text\" id=\"cta-3\"><div  class=\"gridContainer\"> <div  class=\"row text-center\"><div  class=\"col-xs-12 col-sm-10 col-sm-offset-1 col-md-8 col-md-offset-2\" data-type=\"column\"> <h2  class=\"\">KONGRE KAYIT<\/h2>  <a class=\"button color2\" href=\"https:\/\/tbimbilisim.vedubox.net\/public\/portal\/52920\" target=\"_self\" data-cp-link=\"1\" data-icon=\"\" rel=\"noopener noreferrer\">KAYIT \u0130\u00c7\u0130N TIKLAYINIZ<\/a><h3  class=\"\"><br ><span  style=\"color: rgb(0, 0, 0); font-weight: 700;\">KONGRE \u00dcCRET\u0130 (Banka Transferi): 1200 TL\n<br >&nbsp;KONGRE \u00dcCRET\u0130 (Kredi Kart\u0131): 1500 TL\n\n<br ><br ><span  style=\"text-decoration: underline;\">HESAP B\u0130LG\u0130LER\u0130:<\/span><br >\nTbim Bili\u015fim Teknolojileri San ve Tic Ltd \u015eti<br >\nTR93 0011 1000 0000 0029 8144 03<br >\nF\u0130NANSBANK Altunizade \u015eubesi<br >&nbsp;\n<br >Kongreye sadece T\u0131p, Di\u015f Hekimli\u011fi, Klinik Psikoloji ve  Psikoloji B\u00f6l\u00fcm\u00fc mezunlar\u0131 ve son s\u0131n\u0131f \u00f6\u011frencileri kat\u0131labilecektir.<\/span><\/h3><p  class=\"\"><span  style=\"color: rgb(0, 0, 0); font-weight: 600;\">\u0130leti\u015fim i\u00e7in: info@tibbihipnozkongresi.org.tr ; 0090 505 563 1331 (WhatsApp)<\/span><\/p><\/div> <\/div><\/div> <\/div>","protected":false},"excerpt":{"rendered":"<p>ONLINE KONGRE PROGRAMI&nbsp; PROGRAM \u0130\u00c7\u0130N TIKLAYINIZ TELK\u0130N\u0130N SES\u0130 \u2013 YA\u015eAMIN NEFES\u0130 Sevgili Meslekta\u015flar\u0131m, \u0130\u00e7inde bulundu\u011fumuz bu y\u0131l, sa\u011fl\u0131k a\u00e7\u0131s\u0131ndan bir\u00e7ok zorluklarla m\u00fccadele edilen bir d\u00f6nemin t\u00fcm d\u00fcnyada ya\u015fan\u0131lan \u00f6zellikleri ile tarihte yerini alacak. D\u00fcnya ve \u00f6zellikle \u00dclkemiz sa\u011fl\u0131k \u00e7al\u0131\u015fanlar\u0131n\u0131n bu can siperane emekleri ile bu pandemi elbette bitecek. Bu u\u011furda canlar verdik ama cana can&hellip; <br \/> <a class=\"read-more\" href=\"https:\/\/www.tibbihipnozkongresi.org.tr\/uluslararasi\/\">Devam\u0131<\/a><\/p>\n","protected":false},"author":1,"featured_media":0,"parent":0,"menu_order":0,"comment_status":"closed","ping_status":"closed","template":"page-templates\/homepage.php","meta":{"spay_email":""},"jetpack_sharing_enabled":true,"jetpack_shortlink":"https:\/\/wp.me\/Pa7igD-W","_links":{"self":[{"href":"https:\/\/www.tibbihipnozkongresi.org.tr\/uluslararasi\/wp-json\/wp\/v2\/pages\/58"}],"collection":[{"href":"https:\/\/www.tibbihipnozkongresi.org.tr\/uluslararasi\/wp-json\/wp\/v2\/pages"}],"about":[{"href":"https:\/\/www.tibbihipnozkongresi.org.tr\/uluslararasi\/wp-json\/wp\/v2\/types\/page"}],"author":[{"embeddable":true,"href":"https:\/\/www.tibbihipnozkongresi.org.tr\/uluslararasi\/wp-json\/wp\/v2\/users\/1"}],"replies":[{"embeddable":true,"href":"https:\/\/www.tibbihipnozkongresi.org.tr\/uluslararasi\/wp-json\/wp\/v2\/comments?post=58"}],"version-history":[{"count":164,"href":"https:\/\/www.tibbihipnozkongresi.org.tr\/uluslararasi\/wp-json\/wp\/v2\/pages\/58\/revisions"}],"predecessor-version":[{"id":15493,"href":"https:\/\/www.tibbihipnozkongresi.org.tr\/uluslararasi\/wp-json\/wp\/v2\/pages\/58\/revisions\/15493"}],"wp:attachment":[{"href":"https:\/\/www.tibbihipnozkongresi.org.tr\/uluslararasi\/wp-json\/wp\/v2\/media?parent=58"}],"curies":[{"name":"wp","href":"https:\/\/api.w.org\/{rel}","templated":true}]}}